q be 20 + 0/(-1) - 4. Suppose -6 = -14*v + q*v. List the prime factors of (-162)/(-4) - v/6.
41
Let j(f) = -f**3 + 12*f**2 + 33. Let c be j(12). Let q(x) = 3 + 3 + x**2 + c. What are the prime factors of q(13)?
2, 13
Let o(k) be the first derivative of 23*k**3/3 - 2*k**2 + 29. Suppose 0 = -49*j + 44*j - 10. List the prime factors of o(j).
2, 5
Suppose 0 = b + 5*x - 2928, -8*x + 5*x + 14618 = 5*b. List the prime factors of b.
37, 79
Suppose 2*b + 11*z - 1350 = 6*z, 2*b = 2*z + 1336. Let s = b + -241. List the prime factors of s.
3, 11, 13
Let z(f) = f**2 + 6*f + 11. Let h be z(-4). Suppose -h*b + 1 = 4. List the prime factors of -4 + -1*129*b.
5
Let a(b) = 1352*b**2 + 28*b - 28. Let n be a(1). Suppose m = -2*h + 428 + 248, -4*h - 5*m = -n. List the prime factors of h.
2, 13
Let l be 1347466/222 + ((-2)/1)/(-6). Suppose 0 = -19*x + 14982 + l. What are the prime factors of x?
2, 277
Suppose 0*g = -2*g. Let d(s) = -14*s - 374. Let t(x) = 5*x + 125. Let k(m) = -6*d(m) - 17*t(m). List the prime factors of k(g).
7, 17
Let l(f) = -14 + 18*f - 39*f + 126*f. List the prime factors of l(4).
2, 7, 29
Suppose 4*f - 31709 + 99006 = 3*o, 5*o - 112167 = 4*f. List the prime factors of o.
5, 7, 641
Suppose 58599 = 34*h + 15725. List the prime factors of h.
13, 97
Let i = -106 + 390. Suppose -z = z - i. Suppose -m = -3*y + z + 195, 2*m - 117 = -y. List the prime factors of y.
113
Let c(w) = w - 3. Let q(z) = -9*z + 68. Let b be q(6). List the prime factors of c(b).
11
Let b(q) = 2*q - 30. Let s(j) = -j + 15. Let w(x) = 6*b(x) + 11*s(x). Let h be w(12). What are the prime factors of (3/6)/((6 + h)/498)?
83
Suppose -j - 2046*t + 2042*t = -5863, -5*t = 8*j - 47093. What are the prime factors of j?
43, 137
Suppose 4*w = -g + 89, w + w = -4*g + 48. Let k(o) = 10*o + 37. What are the prime factors of k(w)?
257
Let m = -18758 - -35341. What are the prime factors of m?
7, 23, 103
Let m(p) = -p + 17. Let d be m(-23). What are the prime factors of (-8)/d + (-1662)/(-10)?
2, 83
Let h = 55132 + -37299. List the prime factors of h.
17, 1049
Let y(f) = -39*f**3 + 13*f**2 - 73*f - 700. What are the prime factors of y(-9)?
59, 499
Suppose 469830 - 1253835 - 375595 = -200*b. List the prime factors of b.
2, 13, 223
Suppose 0 = 11*l - 13*l + 4. What are the prime factors of 70/(-4)*(686/(-35) - l)?
2, 3, 7
Suppose -2*z = -5*c - 5*z + 45296, 0 = -2*z - 6. What are the prime factors of c?
13, 17, 41
Let x(o) = o**3 - o**2 - 6*o + 15. Let v be x(5). Suppose -416 - v = -3*r. Let p = 16 + r. What are the prime factors of p?
3, 61
Suppose 3*b + 2 + 5 = 4*j, -31 = -4*j - 5*b. Suppose 5*y + 2*a - 1170 = 0, -2*y + j*y - a = 468. Suppose -y = -4*n - 2. What are the prime factors of n?
2, 29
Let s = -197 + 93. Let n = s + 181. Suppose -5*z = n - 197. What are the prime factors of z?
2, 3
Let j = 5717 + -8692. Let k = -1682 - j. What are the prime factors of k?
3, 431
Let y = 11653 + -5427. What are the prime factors of y?
2, 11, 283
List the prime factors of ((-3)/(-2) - 1)/(-18*(-22)/5945544).
7507
What are the prime factors of 50484/(7/(-1))*4/(-12)?
2, 601
Let u = -9687 + 45294. What are the prime factors of u?
3, 11, 13, 83
Let f(q) = 4*q**3 - 14*q**2 + 141*q - 988. What are the prime factors of f(14)?
2, 11, 419
Suppose -2*u = -11*b + 15*b - 14, 0 = -3*b + u + 8. What are the prime factors of (3 + -1)/2*(b - -119)?
2, 61
Let f = 31 - -97. Let g = -65 + f. Let t = g + -15. What are the prime factors of t?
2, 3
Let y = -3670 - -7505. List the prime factors of y.
5, 13, 59
Suppose 3*s = -3*h + 16749, -28250 + 11508 = -3*h - 2*s. What are the prime factors of h?
2, 17, 41
Suppose 15*t - 74467 - 6020 + 11202 = 0. What are the prime factors of t?
31, 149
Suppose 5*u - 30 = f, -f + u + u - 18 = 0. Let g be (-22)/f + (-13)/65 + 3. Suppose -829 = -g*b - 179. What are the prime factors of b?
2, 5, 13
Let l = -2279 + 3064. List the prime factors of l.
5, 157
Suppose -5*v - 5*f - 560 = 0, -5*v - 4*f = -232 + 788. Let x = v - -213. What are the prime factors of x?
3, 5, 7
Suppose -q - 2*s + 25 = 0, -3*q = -7*q - 2*s + 94. Let z be 2/(-4) + (-122)/(-4). Let w = z - q. What are the prime factors of w?
7
List the prime factors of (172/20 - 9) + ((-24666)/(-15) - -2).
2, 823
Let p(r) = r**3 - 17*r**2 - 19*r + 18. Let c be (-3)/(-21) + (-500)/(-28). Let x be p(c). Suppose 6*s - s - 155 = x. List the prime factors of s.
31
Suppose 11*k = 130639 + 5739. What are the prime factors of k?
2, 6199
Let a = 40652 - 23743. List the prime factors of a.
37, 457
Let b = -46 - -49. Suppose -4*u - 2*w = -88, b*u - w + 5*w = 76. Let k = 26 + u. List the prime factors of k.
2, 23
Suppose -57 = -2*b + 3*p - 9, 5*p = 3*b - 70. Suppose -10*y - b*y = -53480. What are the prime factors of y?
7, 191
Suppose 2*d = -39 + 51. Suppose -6 = d*s - 24. List the prime factors of s.
3
Let b(h) = 2*h**2 + 23*h - 23. List the prime factors of b(21).
2, 11, 61
Let w = -416 - -34. What are the prime factors of 7 + (-3 - w) + -6?
2, 5, 19
Let w be (-1)/(-2)*(2 - 2)/3. List the prime factors of w/1 - (-9 + (-236)/2).
127
Let y be ((-53)/159)/((-1 - -3)/(-145158)). Suppose -17*s - 6462 = -y. List the prime factors of s.
7, 149
Let g(p) = -2*p**2 - 7*p - 19. Let f be g(-6). Let m(i) = -i**2 + 13*i - 23. Let a be m(11). What are the prime factors of 1 - 4*f - 4/a?
3, 67
Suppose 0 = 4*a - 32123 + 12401 - 28862. List the prime factors of a.
2, 6073
Let o = 177 + -819. Let s = o + 2044. What are the prime factors of s?
2, 701
Suppose 0 = 31*d - 64972 - 60049 - 59367. What are the prime factors of d?
2, 1487
Let g = 35459 - 15425. What are the prime factors of g?
2, 3, 7, 53
List the prime factors of (-67000)/(-3) - (-312)/117.
2, 349
List the prime factors of ((-23)/2)/((-13029)/(-2172) - 6).
2, 23, 181
Suppose 0 = -d + s - 2*s + 157, d - 142 = 4*s. Let a = d - 125. Suppose 34*g - a*g = 410. List the prime factors of g.
2, 41
Let z = 63 + -60. Let t(w) = -w**2 + 3*w. Let h be t(z). Suppose -4*y + 3*v = -97, h = 2*y + y - 2*v - 72. List the prime factors of y.
2, 11
Suppose 0 = -7*a + 15*a + 16. List the prime factors of (-113 + 23)/((-2)/(-52)*a).
2, 3, 5, 13
Let h be (-22)/(-11)*2/4 + 1. Let w(z) = -3*z. Let t be w(h). What are the prime factors of (3 + 44/t)*1*-3?
13
Let f(x) = 248*x**3 - 3*x**2 - 1. Let y(r) = -r**3 + r**2. Let q(i) = -f(i) - 5*y(i). Let u = 2616 - 2617. List the prime factors of q(u).
2, 11
Suppose p - 8 = -2*t + 3*t, 4*p = 5*t + 36. Suppose 0 = 3*q - 16 + p. Suppose -q*k = -269 - 471. List the prime factors of k.
5, 37
Suppose 0 = -10*k + 9*k + 3. Let d(x) = -x**3 + 2*x**2 - 4*x + 7. Let w be d(k). List the prime factors of 238/4*(-40)/w.
2, 5, 17
Let v be (4 + 1)/(-10) - 17885/(-10). Let w = 2920 - v. List the prime factors of w.
2, 283
What are the prime factors of 180288710/7285 - 4/(-62)?
2, 23, 269
Suppose 3*d + 49*i - 46*i = 34542, 23030 = 2*d + 4*i. List the prime factors of d.
29, 397
Let n(k) = 2*k - 7*k - k**2 - 8*k - 26 + 0*k. Let y be n(-8). Let h(c) = c + 31. List the prime factors of h(y).
3, 5
Suppose 13 = 5*o - 2. Suppose o*w - 683 = 10*h - 9*h, -5*h = -20. What are the prime factors of w?
229
Suppose 3*h - 12 = -0*h. Let z(t) = 11*t**2 + 5 - 5*t - 6*t + h*t + t. List the prime factors of z(3).
2, 43
Let g(v) = 3*v - 6. Let h be g(3). Suppose 3*r + 0 = -4*y - 2, h*r = 6. List the prime factors of 327/2*4*y/(-12).
109
List the prime factors of (647/(-7))/(128/(-6272)).
7, 647
Suppose 0 = 29*y - 28*y + 5. Let u be 1*6/(-15)*y. Suppose 0 = 2*g - 5*g - x + 6, u*g = -2*x. What are the prime factors of g?
3
Suppose -3*v + 4*w + 1440 = 6*w, 4*v = -5*w + 1927. Suppose v - 70 = s. List the prime factors of s.
2, 3, 17
Let f(l) = 16*l - 5. Let o be f(-1). What are the prime factors of (-13001)/o + ((-304)/168)/19?
619
What are the prime factors of 72/(-216) - (-183036)/9?
3, 6779
Let v(d) = -20*d**2 - 10*d - 2. Let p(u) = -19*u**2 - 10*u + 1. Let g(k) = 4*p(k) - 5*v(k). List the prime factors of g(4).
2, 3, 73
Suppose -3*y + q - 13 = 3, -3*q = 4*y + 43. List the prime factors of (y/(-7) + -5)/(-2).
2
Suppose 0*o - 3*o = 4*c - 897, 2*o - 599 = -3*c. Let u = o - 119. What are the prime factors of u?
2, 11
Let d(w) = w**3 + 6*w**2 - 4*w + 1. Let i be d(-3). Suppose 8*l - i = 3*l. Let a(n) = -n**3 + 11*n**2 - 9*n + 13